culate the greatest common factor of k and h.
3
Let x be ((-15)/1)/(2/(-6)). Suppose x = o + 4*o. Suppose -3*y = 2*y - 180. Calculate the greatest common factor of o and y.
9
Let u = 27 + -22. Suppose 0 = -3*k + u*z + 159 + 62, 306 = 4*k - z. Calculate the highest common factor of 11 and k.
11
Let d be (4 - 0 - -8)/(2/3). Let c = 48 + -24. What is the greatest common factor of c and d?
6
Let i(d) = -4*d - 35. Let t be i(-9). Let k be (13 - (4 + 0))/t. Suppose -2*c = 3*c - 135. Calculate the highest common divisor of k and c.
9
Let w be 4 + 232/(4 - 8). Let j = w + 114. Calculate the greatest common divisor of j and 20.
20
Let k(g) = -g - 5. Let n be k(-7). Suppose d + n*d - 24 = 0. Let q be (-158)/(-4) - 2/(-4). What is the greatest common factor of q and d?
8
Let k be (-87)/(-4) - 4/(-16). What is the highest common factor of k and 198?
22
Let p(j) = -3*j**3 + 3*j + 1. Let v be p(-2). Let g be 96/192 + (-3)/((-12)/74). What is the greatest common divisor of v and g?
19
Let y = 458 + -356. Calculate the greatest common divisor of 30 and y.
6
Suppose 2*t + 2*b = 60, 0 = -t - 3*b + 50 - 24. What is the greatest common divisor of t and 4?
4
Suppose -128*b + 1121 = -109*b. Calculate the greatest common factor of 59 and b.
59
Suppose 913 - 661 = 4*b. What is the highest common divisor of 189 and b?
63
Suppose 3*r + 42 = 2*s, 4*r - 128 = -5*s - 0*r. Calculate the highest common factor of 30 and s.
6
Let o = 80 - 121. Let z = 61 + o. Calculate the greatest common divisor of 50 and z.
10
Suppose -2*g = -0*g - 8. Let c(j) = 9*j**2 - 2*j - 4. Let u be c(g). What is the highest common divisor of 12 and u?
12
Let l = 24 - 12. Suppose 3 - l = -q. Suppose 0*u - 9 = -u. Calculate the highest common factor of u and q.
9
Let h(d) = d**3 - 21*d**2 + 21*d - 8. Let y be h(20). Let n(l) = l - 11. Let u be n(y). Calculate the greatest common divisor of 3 and u.
1
Suppose y - 60 = 6*w - 3*w, -2*w = -6. What is the highest common factor of y and 138?
69
Suppose 208*g = 203*g + 20. Let h be (16/10)/((-10)/(-275)). What is the highest common factor of g and h?
4
Suppose -41*x + 42*x - 69 = 0. Suppose f - x = -56. Calculate the greatest common divisor of f and 52.
13
Let v(d) = -6*d**3 + d**2 - 3*d - 1. Let t be v(-2). Suppose 152*r - 154*r = -912. Calculate the greatest common factor of t and r.
57
Let u(a) = 3*a**2 + 18. Let t be u(-8). Let s = 498 - t. What is the greatest common divisor of 32 and s?
32
Let i be -2 + (-1 + -1 - (-150)/6). Let h be 18 - 3*4/3. What is the greatest common divisor of h and i?
7
Let h = -1897 - -2300. Calculate the greatest common divisor of h and 62.
31
Let t be (-2504)/(-22) - (-8)/44. Suppose -6*n + 12 = -t. What is the highest common factor of n and 189?
21
Suppose -8 = -u - 4*b, 4*u - 21 = -2*b - 3*b. Suppose 0 = -f + 32 - u. Calculate the highest common divisor of f and 56.
28
Suppose 9*n = 2*n + 182. Let k = 49 - n. Calculate the greatest common divisor of k and 253.
23
Let t = -127 - -130. Let u = 7 - 4. What is the greatest common factor of t and u?
3
Let z = -35 + 99. Calculate the greatest common divisor of z and 12.
4
Let n be 710/14 + 6/21. Let z be 1*68*(-5)/(-20). What is the highest common factor of z and n?
17
Let a be -12 + 11 - -61*(-2 + 1). Let v = -35 - a. Calculate the highest common divisor of v and 135.
27
Let c(r) = -r**3 - r**2 - 3*r + 132. Let m be c(0). What is the greatest common factor of m and 22?
22
Let u(h) = -h - 5. Let y be u(-7). Suppose -y*n = 4*m - 3*n - 275, -4*n = 4*m - 280. What is the highest common divisor of 23 and m?
23
Suppose 2*v - 265 = -z, -66*v = -68*v - 3*z + 267. Calculate the highest common factor of 55 and v.
11
Let s = -7 - -16. Let l be ((-3)/(-5))/((-11)/(-1155)). Calculate the highest common factor of s and l.
9
Let o(w) = 2*w**2 - 4*w - 7. Let m be o(6). Suppose -2*h + 2*a + 2*a = -562, -4*a + 299 = h. Calculate the highest common divisor of h and m.
41
Suppose -4*d + 104 = 5*v - 5*d, 2*v - 3*d = 39. Let l be 372/v + (-4)/(-14). Suppose 36 = -5705*y + 5709*y. Calculate the highest common divisor of l and y.
9
Let x(k) = 5*k**2 - 6*k + 7. Let l be x(2). Calculate the highest common divisor of l and 30.
15
Let a = -13 + 22. Let h be 2 + a/((-9)/(-20)). Suppose -4*i + 50 - 3 = 5*o, 2*i + h = 4*o. Calculate the highest common factor of o and 49.
7
Let u(t) = -3*t**3 + 2*t**2 + 2*t. Let z be u(3). Let w = z + 29. Let m = -24 - w. Calculate the greatest common divisor of m and 44.
4
Let a = -103 + 118. Suppose a*m = 7*m + 184. Calculate the greatest common factor of 23 and m.
23
Suppose -14*p + 46 = -12*p. Let m(z) = -z**3 - 15*z**2 - 14*z - 8. Let j be m(-14). Let h be (-455)/(-20) - 2/j. Calculate the highest common factor of p and h.
23
Suppose 3 = -3*q, -2*b + 5*q + 83 = 56. What is the greatest common factor of 462 and b?
11
Let n = 1392 + -908. Calculate the greatest common factor of 44 and n.
44
Suppose -15*i = -9*i - 18. Let c be -1 + (3 - 3) + i. What is the highest common factor of c and 22?
2
Suppose -v - 216 = -228. What is the highest common divisor of 78 and v?
6
Let t be -4 - (48/10)/4*-20. Suppose 28*z - 160 = t*z. Let a(i) = -i**3 + 5*i**2 + 2*i - 5. Let x be a(5). What is the highest common divisor of z and x?
5
Let a = -8 - 11. Let t = -12 - a. What is the greatest common factor of t and 56?
7
Suppose -3578 = -4*j - 9*x + 12*x, 5*j - 4463 = -x. What is the greatest common factor of 94 and j?
47
Suppose -3*p = b - 966, 5*b - 2*p + 1345 = 6158. Calculate the greatest common factor of b and 18.
9
Let c = 351 - 225. Calculate the greatest common divisor of 441 and c.
63
Let j(u) = -u**2 - 2*u + 8. Let q be j(-4). Suppose 0*w - 3*w - 375 = -3*i, -5*i + 3*w + 631 = q. What is the greatest common factor of i and 16?
16
Let x be 3/(-5) - (-24)/40. Suppose b + 0*h + h = 8, 5*b - 4*h - 58 = x. What is the greatest common factor of 10 and b?
10
Let l(h) = 9*h + 568. Let j be l(-4). What is the greatest common factor of 70 and j?
14
Suppose -2*a = -8*a + 486. Let z = a - 33. Suppose 0 = -2*b + 18 - 6. What is the highest common factor of b and z?
6
Let n = -47 - -61. Let o be 37 + (-4)/n + 26/(-7). Calculate the highest common factor of 11 and o.
11
Let t(x) = -x**3 + 8*x**2 - 39. Let j be t(6). Calculate the greatest common divisor of 77 and j.
11
Let k(q) = 6*q - 2. Let r be k(5). Let i(c) = 2*c + 4*c**2 - 1 + 0 + 0 - c**2. Let j be i(1). Calculate the highest common factor of j and r.
4
Let s = 19 - 19. Suppose 0 = -4*d - 3*b - 0 + 68, 2*d + 4*b - 44 = s. Calculate the highest common factor of 154 and d.
14
Let q = -69 - -23. Let h = q + 81. What is the highest common factor of 7 and h?
7
Let k(y) = 2*y**2 - 5*y + 6. Let n be k(-5). Suppose -p = 4*p. Suppose -r + 3*r - 18 = p. Calculate the greatest common factor of n and r.
9
Suppose -2*k + 2 = -4. Let m(p) = p**3 - 3*p**2 + 2. Let i be m(k). What is the greatest common factor of 18 and i?
2
Suppose -5*j = -46*j + 7011. Calculate the greatest common divisor of j and 19.
19
Suppose 0 = 2*m - 3*t - 296, -21*t = 3*m - 17*t - 478. Calculate the highest common factor of 56 and m.
14
Suppose 3901 - 301 = 5*t - z, -t = -3*z - 720. What is the greatest common divisor of 45 and t?
45
Let k be 41 + -1 + -17 + 9. Calculate the highest common factor of 44 and k.
4
Let c(g) = -g**3 - 2*g + 238. Let y be c(0). Calculate the greatest common factor of 119 and y.
119
Let x be 44/(-2 + (-8)/(24/(-9))). What is the highest common divisor of 33 and x?
11
Suppose 5*b - g = 35, -3*b = -g + 2 - 21. Suppose 0 = -b*t + 4*t + 16. Suppose t*d - 29 - 3 = 0. What is the highest common factor of d and 8?
8
Suppose -5*h + 68 - 43 = 0. Suppose 9*l - 868 = -h*l. What is the greatest common factor of l and 31?
31
Suppose -4*f = -2*g - 4, 5*g - 29 = 4*f - 9. Suppose -3*l = 2*l - 280. What is the greatest common factor of g and l?
8
Let l be 5 + 1 + 1 + (2 - 6). Suppose n = 2*n - 3*q - 32, 2*q = l*n - 68. Calculate the greatest common divisor of 80 and n.
20
Suppose -64 = -3*s + 5*d + 62, -102 = -3*s - 3*d. Suppose 30*t - 4921 = -103*t. Calculate the greatest common factor of t and s.
37
Let p = -11 - -38. Let l = p + -23. Suppose i - 2 = 0, -i = w + l*i - 155. Calculate the highest common factor of w and 58.
29
Suppose 2400 + 116 = 4*c. Calculate the hig